{"id":2,"date":"2024-08-27T13:35:24","date_gmt":"2024-08-27T13:35:24","guid":{"rendered":"https:\/\/peterjordan.agency\/?page_id=2"},"modified":"2024-08-28T23:34:14","modified_gmt":"2024-08-28T23:34:14","slug":"sample-page","status":"publish","type":"page","link":"https:\/\/peterjordan.agency\/","title":{"rendered":"Inicio"},"content":{"rendered":"\t\t<div data-elementor-type=\"wp-page\" data-elementor-id=\"2\" class=\"elementor elementor-2\" data-elementor-post-type=\"page\">\n\t\t\t\t<div class=\"elementor-element elementor-element-61de62bf e-flex e-con-boxed e-con e-parent\" data-id=\"61de62bf\" data-element_type=\"container\" data-settings=\"{&quot;background_background&quot;:&quot;classic&quot;}\">\n\t\t\t\t\t<div class=\"e-con-inner\">\n\t\t<div class=\"elementor-element elementor-element-91fb5b9 e-con-full e-flex e-con e-child\" data-id=\"91fb5b9\" data-element_type=\"container\">\n\t\t\t\t<div class=\"elementor-element elementor-element-7c36b33f elementor-invisible elementor-widget elementor-widget-heading\" data-id=\"7c36b33f\" data-element_type=\"widget\" data-settings=\"{&quot;_animation&quot;:&quot;fadeInUp&quot;}\" data-widget_type=\"heading.default\">\n\t\t\t\t<div class=\"elementor-widget-container\">\n\t\t\t<h2 class=\"elementor-heading-title elementor-size-default\">Cat\u00e1logos<\/h2>\t\t<\/div>\n\t\t\t\t<\/div>\n\t\t\t\t<div class=\"elementor-element elementor-element-4c8aea5d animated-slow elementor-invisible elementor-widget elementor-widget-heading\" data-id=\"4c8aea5d\" data-element_type=\"widget\" data-settings=\"{&quot;_animation&quot;:&quot;fadeInDown&quot;,&quot;_animation_delay&quot;:200}\" data-widget_type=\"heading.default\">\n\t\t\t\t<div class=\"elementor-widget-container\">\n\t\t\t<h2 class=\"elementor-heading-title elementor-size-default\">Peterjordan<\/h2>\t\t<\/div>\n\t\t\t\t<\/div>\n\t\t\t\t<div class=\"elementor-element elementor-element-58d9515b elementor-invisible elementor-widget elementor-widget-text-editor\" data-id=\"58d9515b\" data-element_type=\"widget\" data-settings=\"{&quot;_animation&quot;:&quot;fadeIn&quot;,&quot;_animation_delay&quot;:400}\" data-widget_type=\"text-editor.default\">\n\t\t\t\t<div class=\"elementor-widget-container\">\n\t\t\t\t\t\t\t<p><strong>Crea tu propio cat\u00e1logo de productos online<\/strong> Aumenta tus ventas con nuestra plataforma de productos y servicios<\/p>\t\t\t\t\t\t<\/div>\n\t\t\t\t<\/div>\n\t\t<div class=\"elementor-element elementor-element-72460e28 e-con-full e-flex e-con e-child\" data-id=\"72460e28\" data-element_type=\"container\">\n\t\t<div class=\"elementor-element elementor-element-57080f93 e-con-full e-flex e-con e-child\" data-id=\"57080f93\" data-element_type=\"container\">\n\t\t\t\t<div class=\"elementor-element elementor-element-25557864 elementor-align-justify elementor-invisible elementor-widget elementor-widget-button\" data-id=\"25557864\" data-element_type=\"widget\" data-settings=\"{&quot;_animation&quot;:&quot;fadeInUp&quot;}\" data-widget_type=\"button.default\">\n\t\t\t\t<div class=\"elementor-widget-container\">\n\t\t\t\t\t\t\t<div class=\"elementor-button-wrapper\">\n\t\t\t\t\t<a class=\"elementor-button elementor-button-link elementor-size-sm elementor-animation-grow\" href=\"#\">\n\t\t\t\t\t\t<span class=\"elementor-button-content-wrapper\">\n\t\t\t\t\t\t\t\t\t<span class=\"elementor-button-text\">Afiliate aqu\u00ed<\/span>\n\t\t\t\t\t<\/span>\n\t\t\t\t\t<\/a>\n\t\t\t\t<\/div>\n\t\t\t\t\t\t<\/div>\n\t\t\t\t<\/div>\n\t\t\t\t<\/div>\n\t\t<div class=\"elementor-element elementor-element-8592b9f e-con-full e-flex e-con e-child\" data-id=\"8592b9f\" data-element_type=\"container\">\n\t\t\t\t<div class=\"elementor-element elementor-element-3e757ae6 elementor-align-justify elementor-invisible elementor-widget elementor-widget-button\" data-id=\"3e757ae6\" data-element_type=\"widget\" data-settings=\"{&quot;_animation&quot;:&quot;fadeInUp&quot;}\" data-widget_type=\"button.default\">\n\t\t\t\t<div class=\"elementor-widget-container\">\n\t\t\t\t\t\t\t<div class=\"elementor-button-wrapper\">\n\t\t\t\t\t<a class=\"elementor-button elementor-button-link elementor-size-sm elementor-animation-grow\" href=\"https:\/\/peterjordan.agency\/?page_id=62\">\n\t\t\t\t\t\t<span class=\"elementor-button-content-wrapper\">\n\t\t\t\t\t\t\t\t\t<span class=\"elementor-button-text\">Ver cat\u00e1logos<\/span>\n\t\t\t\t\t<\/span>\n\t\t\t\t\t<\/a>\n\t\t\t\t<\/div>\n\t\t\t\t\t\t<\/div>\n\t\t\t\t<\/div>\n\t\t\t\t<\/div>\n\t\t\t\t<\/div>\n\t\t\t\t<\/div>\n\t\t<div class=\"elementor-element elementor-element-495311d6 e-con-full e-flex e-con e-child\" data-id=\"495311d6\" data-element_type=\"container\">\n\t\t\t\t<div class=\"elementor-element elementor-element-1dc71430 animated-fast elementor-invisible elementor-widget elementor-widget-image\" data-id=\"1dc71430\" data-element_type=\"widget\" data-settings=\"{&quot;_animation&quot;:&quot;fadeIn&quot;,&quot;_animation_delay&quot;:200}\" data-widget_type=\"image.default\">\n\t\t\t\t<div class=\"elementor-widget-container\">\n\t\t\t\t\t\t\t\t\t\t\t\t\t<img fetchpriority=\"high\" decoding=\"async\" width=\"800\" height=\"524\" src=\"https:\/\/peterjordan.agency\/wp-content\/uploads\/2024\/08\/Banner-PJ-1-1-1024x671.png\" class=\"attachment-large size-large wp-image-28\" alt=\"\" srcset=\"https:\/\/peterjordan.agency\/wp-content\/uploads\/2024\/08\/Banner-PJ-1-1-1024x671.png 1024w, https:\/\/peterjordan.agency\/wp-content\/uploads\/2024\/08\/Banner-PJ-1-1-300x197.png 300w, https:\/\/peterjordan.agency\/wp-content\/uploads\/2024\/08\/Banner-PJ-1-1-768x503.png 768w, https:\/\/peterjordan.agency\/wp-content\/uploads\/2024\/08\/Banner-PJ-1-1-600x393.png 600w, https:\/\/peterjordan.agency\/wp-content\/uploads\/2024\/08\/Banner-PJ-1-1.png 1131w\" sizes=\"(max-width: 800px) 100vw, 800px\" \/>\t\t\t\t\t\t\t\t\t\t\t\t\t<\/div>\n\t\t\t\t<\/div>\n\t\t\t\t<\/div>\n\t\t\t\t\t<\/div>\n\t\t\t\t<\/div>\n\t\t<div class=\"elementor-element elementor-element-6e48ff94 e-flex e-con-boxed e-con e-parent\" data-id=\"6e48ff94\" data-element_type=\"container\" data-settings=\"{&quot;background_background&quot;:&quot;classic&quot;}\">\n\t\t\t\t\t<div class=\"e-con-inner\">\n\t\t<div class=\"elementor-element elementor-element-101ce1a3 e-con-full e-flex e-con e-child\" data-id=\"101ce1a3\" data-element_type=\"container\">\n\t\t<div class=\"elementor-element elementor-element-24df868f e-con-full e-flex e-con e-child\" data-id=\"24df868f\" data-element_type=\"container\">\n\t\t\t\t<div class=\"elementor-element elementor-element-cd72570 elementor-widget elementor-widget-image\" data-id=\"cd72570\" data-element_type=\"widget\" data-widget_type=\"image.default\">\n\t\t\t\t<div class=\"elementor-widget-container\">\n\t\t\t\t\t\t\t\t\t\t\t\t\t<img decoding=\"async\" width=\"117\" height=\"117\" src=\"https:\/\/peterjordan.agency\/wp-content\/uploads\/2024\/08\/Imagen-21.png\" class=\"attachment-large size-large wp-image-29\" alt=\"\" srcset=\"https:\/\/peterjordan.agency\/wp-content\/uploads\/2024\/08\/Imagen-21.png 117w, https:\/\/peterjordan.agency\/wp-content\/uploads\/2024\/08\/Imagen-21-100x100.png 100w\" sizes=\"(max-width: 117px) 100vw, 117px\" \/>\t\t\t\t\t\t\t\t\t\t\t\t\t<\/div>\n\t\t\t\t<\/div>\n\t\t\t\t<div class=\"elementor-element elementor-element-2b11cda0 elementor-widget elementor-widget-heading\" data-id=\"2b11cda0\" data-element_type=\"widget\" data-widget_type=\"heading.default\">\n\t\t\t\t<div class=\"elementor-widget-container\">\n\t\t\t<h2 class=\"elementor-heading-title elementor-size-default\">Llenar formulario de afiliaci\u00f3n<\/h2>\t\t<\/div>\n\t\t\t\t<\/div>\n\t\t\t\t<div class=\"elementor-element elementor-element-6d7262b9 elementor-widget elementor-widget-text-editor\" data-id=\"6d7262b9\" data-element_type=\"widget\" data-widget_type=\"text-editor.default\">\n\t\t\t\t<div class=\"elementor-widget-container\">\n\t\t\t\t\t\t\tDatos necesarios del cliente\nPara el inicio de la afiliaci\u00f3n\t\t\t\t\t\t<\/div>\n\t\t\t\t<\/div>\n\t\t\t\t<\/div>\n\t\t<div class=\"elementor-element elementor-element-2dc1cc51 e-con-full e-flex e-con e-child\" data-id=\"2dc1cc51\" data-element_type=\"container\">\n\t\t\t\t<div class=\"elementor-element elementor-element-4f89a4e8 elementor-widget elementor-widget-image\" data-id=\"4f89a4e8\" data-element_type=\"widget\" data-widget_type=\"image.default\">\n\t\t\t\t<div class=\"elementor-widget-container\">\n\t\t\t\t\t\t\t\t\t\t\t\t\t<img decoding=\"async\" width=\"119\" height=\"119\" src=\"https:\/\/peterjordan.agency\/wp-content\/uploads\/2024\/08\/Imagen-19.png\" class=\"attachment-large size-large wp-image-30\" alt=\"\" srcset=\"https:\/\/peterjordan.agency\/wp-content\/uploads\/2024\/08\/Imagen-19.png 119w, https:\/\/peterjordan.agency\/wp-content\/uploads\/2024\/08\/Imagen-19-100x100.png 100w\" sizes=\"(max-width: 119px) 100vw, 119px\" \/>\t\t\t\t\t\t\t\t\t\t\t\t\t<\/div>\n\t\t\t\t<\/div>\n\t\t\t\t<div class=\"elementor-element elementor-element-339b792d elementor-widget elementor-widget-heading\" data-id=\"339b792d\" data-element_type=\"widget\" data-widget_type=\"heading.default\">\n\t\t\t\t<div class=\"elementor-widget-container\">\n\t\t\t<h2 class=\"elementor-heading-title elementor-size-default\">Env\u00edo de material logotipo y banner<\/h2>\t\t<\/div>\n\t\t\t\t<\/div>\n\t\t\t\t<div class=\"elementor-element elementor-element-16c7819 elementor-widget elementor-widget-text-editor\" data-id=\"16c7819\" data-element_type=\"widget\" data-widget_type=\"text-editor.default\">\n\t\t\t\t<div class=\"elementor-widget-container\">\n\t\t\t\t\t\t\t<p>Recopilaci\u00f3n de datos en archivo<br \/>Digital para su creaci\u00f3n de catalogo<\/p>\t\t\t\t\t\t<\/div>\n\t\t\t\t<\/div>\n\t\t\t\t<\/div>\n\t\t<div class=\"elementor-element elementor-element-1e3ae64f e-con-full e-flex e-con e-child\" data-id=\"1e3ae64f\" data-element_type=\"container\">\n\t\t\t\t<div class=\"elementor-element elementor-element-36a32cac elementor-widget elementor-widget-image\" data-id=\"36a32cac\" data-element_type=\"widget\" data-widget_type=\"image.default\">\n\t\t\t\t<div class=\"elementor-widget-container\">\n\t\t\t\t\t\t\t\t\t\t\t\t\t<img loading=\"lazy\" decoding=\"async\" width=\"107\" height=\"107\" src=\"https:\/\/peterjordan.agency\/wp-content\/uploads\/2024\/08\/Imagen-18.png\" class=\"attachment-large size-large wp-image-31\" alt=\"\" srcset=\"https:\/\/peterjordan.agency\/wp-content\/uploads\/2024\/08\/Imagen-18.png 107w, https:\/\/peterjordan.agency\/wp-content\/uploads\/2024\/08\/Imagen-18-100x100.png 100w\" sizes=\"(max-width: 107px) 100vw, 107px\" \/>\t\t\t\t\t\t\t\t\t\t\t\t\t<\/div>\n\t\t\t\t<\/div>\n\t\t\t\t<div class=\"elementor-element elementor-element-4c65afa6 elementor-widget elementor-widget-heading\" data-id=\"4c65afa6\" data-element_type=\"widget\" data-widget_type=\"heading.default\">\n\t\t\t\t<div class=\"elementor-widget-container\">\n\t\t\t<h2 class=\"elementor-heading-title elementor-size-default\">Documento de inventario<\/h2>\t\t<\/div>\n\t\t\t\t<\/div>\n\t\t\t\t<div class=\"elementor-element elementor-element-3ebe6415 elementor-widget elementor-widget-text-editor\" data-id=\"3ebe6415\" data-element_type=\"widget\" data-widget_type=\"text-editor.default\">\n\t\t\t\t<div class=\"elementor-widget-container\">\n\t\t\t\t\t\t\t<p>Documento de inventario<br \/>En formato de hoja de c\u00e1lculo<\/p>\t\t\t\t\t\t<\/div>\n\t\t\t\t<\/div>\n\t\t\t\t<\/div>\n\t\t<div class=\"elementor-element elementor-element-4a6b1a8f e-con-full e-flex e-con e-child\" data-id=\"4a6b1a8f\" data-element_type=\"container\">\n\t\t\t\t<div class=\"elementor-element elementor-element-3e828f0e elementor-widget elementor-widget-image\" data-id=\"3e828f0e\" data-element_type=\"widget\" data-widget_type=\"image.default\">\n\t\t\t\t<div class=\"elementor-widget-container\">\n\t\t\t\t\t\t\t\t\t\t\t\t\t<img loading=\"lazy\" decoding=\"async\" width=\"113\" height=\"113\" src=\"https:\/\/peterjordan.agency\/wp-content\/uploads\/2024\/08\/Imagen-20.png\" class=\"attachment-large size-large wp-image-32\" alt=\"\" srcset=\"https:\/\/peterjordan.agency\/wp-content\/uploads\/2024\/08\/Imagen-20.png 113w, https:\/\/peterjordan.agency\/wp-content\/uploads\/2024\/08\/Imagen-20-100x100.png 100w\" sizes=\"(max-width: 113px) 100vw, 113px\" \/>\t\t\t\t\t\t\t\t\t\t\t\t\t<\/div>\n\t\t\t\t<\/div>\n\t\t\t\t<div class=\"elementor-element elementor-element-1d39fb46 elementor-widget elementor-widget-heading\" data-id=\"1d39fb46\" data-element_type=\"widget\" data-widget_type=\"heading.default\">\n\t\t\t\t<div class=\"elementor-widget-container\">\n\t\t\t<h2 class=\"elementor-heading-title elementor-size-default\">Fotograf\u00edas de productos<\/h2>\t\t<\/div>\n\t\t\t\t<\/div>\n\t\t\t\t<div class=\"elementor-element elementor-element-2d9cf893 elementor-widget elementor-widget-text-editor\" data-id=\"2d9cf893\" data-element_type=\"widget\" data-widget_type=\"text-editor.default\">\n\t\t\t\t<div class=\"elementor-widget-container\">\n\t\t\t\t\t\t\t<p>Archivo de productos en<br \/>Formato de imagen<\/p>\t\t\t\t\t\t<\/div>\n\t\t\t\t<\/div>\n\t\t\t\t<\/div>\n\t\t\t\t<\/div>\n\t\t\t\t\t<\/div>\n\t\t\t\t<\/div>\n\t\t<div class=\"elementor-element elementor-element-76de040d e-flex e-con-boxed e-con e-parent\" data-id=\"76de040d\" data-element_type=\"container\" data-settings=\"{&quot;background_background&quot;:&quot;classic&quot;}\">\n\t\t\t\t\t<div class=\"e-con-inner\">\n\t\t\t\t<div class=\"elementor-element elementor-element-11f199f6 elementor-align-center elementor-invisible elementor-widget elementor-widget-button\" data-id=\"11f199f6\" data-element_type=\"widget\" data-settings=\"{&quot;_animation&quot;:&quot;fadeInUp&quot;}\" data-widget_type=\"button.default\">\n\t\t\t\t<div class=\"elementor-widget-container\">\n\t\t\t\t\t\t\t<div class=\"elementor-button-wrapper\">\n\t\t\t\t\t<a class=\"elementor-button elementor-button-link elementor-size-sm elementor-animation-grow\" href=\"#\">\n\t\t\t\t\t\t<span class=\"elementor-button-content-wrapper\">\n\t\t\t\t\t\t\t\t\t<span class=\"elementor-button-text\">Afiliate aqu\u00ed<\/span>\n\t\t\t\t\t<\/span>\n\t\t\t\t\t<\/a>\n\t\t\t\t<\/div>\n\t\t\t\t\t\t<\/div>\n\t\t\t\t<\/div>\n\t\t\t\t\t<\/div>\n\t\t\t\t<\/div>\n\t\t<div class=\"elementor-element elementor-element-6d22ec7f e-flex e-con-boxed e-con e-parent\" data-id=\"6d22ec7f\" data-element_type=\"container\" data-settings=\"{&quot;background_background&quot;:&quot;classic&quot;}\">\n\t\t\t\t\t<div class=\"e-con-inner\">\n\t\t<div class=\"elementor-element elementor-element-17236008 e-con-full e-flex e-con e-child\" data-id=\"17236008\" data-element_type=\"container\">\n\t\t\t\t<div class=\"elementor-element elementor-element-7ecbbd0e elementor-invisible elementor-widget elementor-widget-heading\" data-id=\"7ecbbd0e\" data-element_type=\"widget\" data-settings=\"{&quot;_animation&quot;:&quot;fadeInUp&quot;}\" data-widget_type=\"heading.default\">\n\t\t\t\t<div class=\"elementor-widget-container\">\n\t\t\t<h2 class=\"elementor-heading-title elementor-size-default\">Requisitos de Afiliaci\u00f3n<\/h2>\t\t<\/div>\n\t\t\t\t<\/div>\n\t\t\t\t<div class=\"elementor-element elementor-element-53f1ee34 elementor-widget elementor-widget-text-editor\" data-id=\"53f1ee34\" data-element_type=\"widget\" data-widget_type=\"text-editor.default\">\n\t\t\t\t<div class=\"elementor-widget-container\">\n\t\t\t\t\t\t\t<p>Completar formulario de afiliaci\u00f3n<br \/>Env\u00edo de material:<br \/>Logotipo, Banner principal <br \/>Documento de excel con los datos de productos cargados seg\u00fan plantilla<br \/>Im\u00e1genes de productos nombrados seg\u00fan especificaciones t\u00e9cnicas.<\/p>\t\t\t\t\t\t<\/div>\n\t\t\t\t<\/div>\n\t\t\t\t<div class=\"elementor-element elementor-element-44993314 elementor-invisible elementor-widget elementor-widget-heading\" data-id=\"44993314\" data-element_type=\"widget\" data-settings=\"{&quot;_animation&quot;:&quot;fadeInUp&quot;}\" data-widget_type=\"heading.default\">\n\t\t\t\t<div class=\"elementor-widget-container\">\n\t\t\t<h2 class=\"elementor-heading-title elementor-size-default\">Beneficios<\/h2>\t\t<\/div>\n\t\t\t\t<\/div>\n\t\t\t\t<div class=\"elementor-element elementor-element-6a76687d elementor-widget elementor-widget-text-editor\" data-id=\"6a76687d\" data-element_type=\"widget\" data-widget_type=\"text-editor.default\">\n\t\t\t\t<div class=\"elementor-widget-container\">\n\t\t\t\t\t\t\t<p>Completar formulario de afiliaci\u00f3n<br \/>Env\u00edo de material:<br \/>Logotipo, Banner principal <br \/>Documento de excel con los datos de productos cargados seg\u00fan plantilla<br \/>Im\u00e1genes de productos nombrados seg\u00fan especificaciones t\u00e9cnicas.<\/p>\t\t\t\t\t\t<\/div>\n\t\t\t\t<\/div>\n\t\t\t\t<\/div>\n\t\t<div class=\"elementor-element elementor-element-454f3107 e-con-full e-flex e-con e-child\" data-id=\"454f3107\" data-element_type=\"container\">\n\t\t\t\t<div class=\"elementor-element elementor-element-4ea82af8 elementor-invisible elementor-widget elementor-widget-image\" data-id=\"4ea82af8\" data-element_type=\"widget\" data-settings=\"{&quot;_animation&quot;:&quot;fadeInRight&quot;}\" data-widget_type=\"image.default\">\n\t\t\t\t<div class=\"elementor-widget-container\">\n\t\t\t\t\t\t\t\t\t\t\t\t\t<img loading=\"lazy\" decoding=\"async\" width=\"800\" height=\"451\" src=\"https:\/\/peterjordan.agency\/wp-content\/uploads\/2024\/08\/requisitos.png\" class=\"attachment-large size-large wp-image-33\" alt=\"\" srcset=\"https:\/\/peterjordan.agency\/wp-content\/uploads\/2024\/08\/requisitos.png 962w, https:\/\/peterjordan.agency\/wp-content\/uploads\/2024\/08\/requisitos-300x169.png 300w, https:\/\/peterjordan.agency\/wp-content\/uploads\/2024\/08\/requisitos-768x433.png 768w, https:\/\/peterjordan.agency\/wp-content\/uploads\/2024\/08\/requisitos-600x338.png 600w\" sizes=\"(max-width: 800px) 100vw, 800px\" \/>\t\t\t\t\t\t\t\t\t\t\t\t\t<\/div>\n\t\t\t\t<\/div>\n\t\t\t\t<\/div>\n\t\t\t\t\t<\/div>\n\t\t\t\t<\/div>\n\t\t<div class=\"elementor-element elementor-element-340220d6 e-flex e-con-boxed e-con e-parent\" data-id=\"340220d6\" data-element_type=\"container\" data-settings=\"{&quot;background_background&quot;:&quot;classic&quot;}\">\n\t\t\t\t\t<div class=\"e-con-inner\">\n\t\t<div class=\"elementor-element elementor-element-653bdcb e-con-full e-flex e-con e-child\" data-id=\"653bdcb\" data-element_type=\"container\">\n\t\t\t\t<div class=\"elementor-element elementor-element-35e00d9b elementor-invisible elementor-widget elementor-widget-image\" data-id=\"35e00d9b\" data-element_type=\"widget\" data-settings=\"{&quot;_animation&quot;:&quot;zoomIn&quot;}\" data-widget_type=\"image.default\">\n\t\t\t\t<div class=\"elementor-widget-container\">\n\t\t\t\t\t\t\t\t\t\t\t\t\t<img loading=\"lazy\" decoding=\"async\" width=\"678\" height=\"498\" src=\"https:\/\/peterjordan.agency\/wp-content\/uploads\/2024\/08\/Grupo-113.png\" class=\"attachment-large size-large wp-image-34\" alt=\"\" srcset=\"https:\/\/peterjordan.agency\/wp-content\/uploads\/2024\/08\/Grupo-113.png 678w, https:\/\/peterjordan.agency\/wp-content\/uploads\/2024\/08\/Grupo-113-300x220.png 300w, https:\/\/peterjordan.agency\/wp-content\/uploads\/2024\/08\/Grupo-113-600x441.png 600w\" sizes=\"(max-width: 678px) 100vw, 678px\" \/>\t\t\t\t\t\t\t\t\t\t\t\t\t<\/div>\n\t\t\t\t<\/div>\n\t\t\t\t<\/div>\n\t\t<div class=\"elementor-element elementor-element-168a929b e-con-full e-flex e-con e-child\" data-id=\"168a929b\" data-element_type=\"container\">\n\t\t\t\t<div class=\"elementor-element elementor-element-5dde8c63 elementor-invisible elementor-widget elementor-widget-heading\" data-id=\"5dde8c63\" data-element_type=\"widget\" data-settings=\"{&quot;_animation&quot;:&quot;fadeInUp&quot;}\" data-widget_type=\"heading.default\">\n\t\t\t\t<div class=\"elementor-widget-container\">\n\t\t\t<h2 class=\"elementor-heading-title elementor-size-default\">Cat\u00e1logos<\/h2>\t\t<\/div>\n\t\t\t\t<\/div>\n\t\t\t\t<div class=\"elementor-element elementor-element-58d7f2 elementor-widget elementor-widget-text-editor\" data-id=\"58d7f2\" data-element_type=\"widget\" data-widget_type=\"text-editor.default\">\n\t\t\t\t<div class=\"elementor-widget-container\">\n\t\t\t\t\t\t\t<p>Visita nuestro shop de cat\u00e1logos personalizados para cada marca y visualiza la gama de opciones que puedes utilizar para tu producto o servicio online.<\/p>\t\t\t\t\t\t<\/div>\n\t\t\t\t<\/div>\n\t\t\t\t<div class=\"elementor-element elementor-element-65784cd1 elementor-align-justify elementor-invisible elementor-widget elementor-widget-button\" data-id=\"65784cd1\" data-element_type=\"widget\" data-settings=\"{&quot;_animation&quot;:&quot;fadeInUp&quot;}\" data-widget_type=\"button.default\">\n\t\t\t\t<div class=\"elementor-widget-container\">\n\t\t\t\t\t\t\t<div class=\"elementor-button-wrapper\">\n\t\t\t\t\t<a class=\"elementor-button elementor-button-link elementor-size-sm elementor-animation-grow\" href=\"https:\/\/peterjordan.agency\/?page_id=62\">\n\t\t\t\t\t\t<span class=\"elementor-button-content-wrapper\">\n\t\t\t\t\t\t\t\t\t<span class=\"elementor-button-text\">Ver cat\u00e1logos<\/span>\n\t\t\t\t\t<\/span>\n\t\t\t\t\t<\/a>\n\t\t\t\t<\/div>\n\t\t\t\t\t\t<\/div>\n\t\t\t\t<\/div>\n\t\t\t\t<\/div>\n\t\t\t\t\t<\/div>\n\t\t\t\t<\/div>\n\t\t<div class=\"elementor-element elementor-element-397cee4b e-flex e-con-boxed e-con e-parent\" data-id=\"397cee4b\" data-element_type=\"container\" data-settings=\"{&quot;background_background&quot;:&quot;classic&quot;}\">\n\t\t\t\t\t<div class=\"e-con-inner\">\n\t\t\t\t<div class=\"elementor-element elementor-element-5a85a5aa elementor-invisible elementor-widget elementor-widget-heading\" data-id=\"5a85a5aa\" data-element_type=\"widget\" data-settings=\"{&quot;_animation&quot;:&quot;fadeInUp&quot;}\" data-widget_type=\"heading.default\">\n\t\t\t\t<div class=\"elementor-widget-container\">\n\t\t\t<h2 class=\"elementor-heading-title elementor-size-default\">Nuestros clientes<\/h2>\t\t<\/div>\n\t\t\t\t<\/div>\n\t\t<div class=\"elementor-element elementor-element-eb9b220 e-con-full e-flex e-con e-child\" data-id=\"eb9b220\" data-element_type=\"container\">\n\t\t\t\t<div class=\"elementor-element elementor-element-5ae3a3b1 elementor-widget elementor-widget-image-carousel\" data-id=\"5ae3a3b1\" data-element_type=\"widget\" data-settings=\"{&quot;slides_to_show&quot;:&quot;5&quot;,&quot;slides_to_scroll&quot;:&quot;5&quot;,&quot;navigation&quot;:&quot;none&quot;,&quot;autoplay&quot;:&quot;yes&quot;,&quot;pause_on_hover&quot;:&quot;yes&quot;,&quot;pause_on_interaction&quot;:&quot;yes&quot;,&quot;autoplay_speed&quot;:5000,&quot;infinite&quot;:&quot;yes&quot;,&quot;speed&quot;:500}\" data-widget_type=\"image-carousel.default\">\n\t\t\t\t<div class=\"elementor-widget-container\">\n\t\t\t\t\t<div class=\"elementor-image-carousel-wrapper swiper\" dir=\"ltr\">\n\t\t\t<div class=\"elementor-image-carousel swiper-wrapper\" aria-live=\"off\">\n\t\t\t\t\t\t\t\t<div class=\"swiper-slide\" role=\"group\" aria-roledescription=\"slide\" aria-label=\"1 de 6\"><figure class=\"swiper-slide-inner\"><img decoding=\"async\" class=\"swiper-slide-image\" src=\"https:\/\/peterjordan.agency\/wp-content\/uploads\/2024\/08\/Imagen-22.png\" alt=\"Imagen-22.png\" \/><\/figure><\/div><div class=\"swiper-slide\" role=\"group\" aria-roledescription=\"slide\" aria-label=\"2 de 6\"><figure class=\"swiper-slide-inner\"><img decoding=\"async\" class=\"swiper-slide-image\" src=\"https:\/\/peterjordan.agency\/wp-content\/uploads\/2024\/08\/Imagen-27.png\" alt=\"Imagen-27.png\" \/><\/figure><\/div><div class=\"swiper-slide\" role=\"group\" aria-roledescription=\"slide\" aria-label=\"3 de 6\"><figure class=\"swiper-slide-inner\"><img decoding=\"async\" class=\"swiper-slide-image\" src=\"https:\/\/peterjordan.agency\/wp-content\/uploads\/2024\/08\/Imagen-25.png\" alt=\"Imagen-25.png\" \/><\/figure><\/div><div class=\"swiper-slide\" role=\"group\" aria-roledescription=\"slide\" aria-label=\"4 de 6\"><figure class=\"swiper-slide-inner\"><img decoding=\"async\" class=\"swiper-slide-image\" src=\"https:\/\/peterjordan.agency\/wp-content\/uploads\/2024\/08\/Imagen-26.png\" alt=\"Imagen-26.png\" \/><\/figure><\/div><div class=\"swiper-slide\" role=\"group\" aria-roledescription=\"slide\" aria-label=\"5 de 6\"><figure class=\"swiper-slide-inner\"><img decoding=\"async\" class=\"swiper-slide-image\" src=\"https:\/\/peterjordan.agency\/wp-content\/uploads\/2024\/08\/Imagen-24.png\" alt=\"Imagen-24.png\" \/><\/figure><\/div><div class=\"swiper-slide\" role=\"group\" aria-roledescription=\"slide\" aria-label=\"6 de 6\"><figure class=\"swiper-slide-inner\"><img decoding=\"async\" class=\"swiper-slide-image\" src=\"https:\/\/peterjordan.agency\/wp-content\/uploads\/2024\/08\/Imagen-23.png\" alt=\"Imagen-23.png\" \/><\/figure><\/div>\t\t\t<\/div>\n\t\t\t\t\t\t\t\n\t\t\t\t\t\t\t\t\t<\/div>\n\t\t\t\t<\/div>\n\t\t\t\t<\/div>\n\t\t\t\t<\/div>\n\t\t\t\t\t<\/div>\n\t\t\t\t<\/div>\n\t\t\t\t<\/div>\n\t\t","protected":false},"excerpt":{"rendered":"<p>Cat\u00e1logos Peterjordan Crea tu propio cat\u00e1logo de productos online Aumenta tus ventas con nuestra plataforma de productos y servicios Afiliate aqu\u00ed Ver cat\u00e1logos Llenar formulario de afiliaci\u00f3n Datos necesarios del cliente Para el inicio de la afiliaci\u00f3n Env\u00edo de material logotipo y banner Recopilaci\u00f3n de datos en archivoDigital para su creaci\u00f3n de catalogo Documento de [&hellip;]<\/p>\n","protected":false},"author":1,"featured_media":0,"parent":0,"menu_order":0,"comment_status":"closed","ping_status":"closed","template":"","meta":{"footnotes":""},"class_list":["post-2","page","type-page","status-publish","hentry"],"_links":{"self":[{"href":"https:\/\/peterjordan.agency\/index.php?rest_route=\/wp\/v2\/pages\/2","targetHints":{"allow":["GET"]}}],"collection":[{"href":"https:\/\/peterjordan.agency\/index.php?rest_route=\/wp\/v2\/pages"}],"about":[{"href":"https:\/\/peterjordan.agency\/index.php?rest_route=\/wp\/v2\/types\/page"}],"author":[{"embeddable":true,"href":"https:\/\/peterjordan.agency\/index.php?rest_route=\/wp\/v2\/users\/1"}],"replies":[{"embeddable":true,"href":"https:\/\/peterjordan.agency\/index.php?rest_route=%2Fwp%2Fv2%2Fcomments&post=2"}],"version-history":[{"count":14,"href":"https:\/\/peterjordan.agency\/index.php?rest_route=\/wp\/v2\/pages\/2\/revisions"}],"predecessor-version":[{"id":91,"href":"https:\/\/peterjordan.agency\/index.php?rest_route=\/wp\/v2\/pages\/2\/revisions\/91"}],"wp:attachment":[{"href":"https:\/\/peterjordan.agency\/index.php?rest_route=%2Fwp%2Fv2%2Fmedia&parent=2"}],"curies":[{"name":"wp","href":"https:\/\/api.w.org\/{rel}","templated":true}]}}